*2 - 2*a**3 - a + 0*a. Let o(h) = -6*h - 14. Let r(i) = -i. Let s(z) = -o(z) + 5*r(z). Let l be s(-8). Give v(l).
-12
Let d(f) be the first derivative of 4*f**2 - 14*f + 4681. Give d(10).
66
Let h(v) = 713 + 700 + 176*v - 150*v - 1367. Determine h(-2).
-6
Let i(v) = v**3 + 3*v**2 - 9*v + 7. Let m be i(-5). Let b(x) = 3*x**m - 2*x + 79 - 3*x**2 - 84 - x**2 + 9*x. Calculate b(8).
-13
Let z(s) = -9*s**2 - 19*s + 11. Let k(b) be the third derivative of b**5/15 + 3*b**4/8 - b**3 + 4*b**2 - b. Let d(v) = 7*k(v) + 3*z(v). What is d(-7)?
-2
Let p(b) be the third derivative of -b**4/6 + b**3 - 2*b**2. Let n be (3 + 2 - 2)*(-12)/(-18). Determine p(n).
-2
Let n(t) = -4252*t - 30 + 8437*t - 4196*t + 2*t**2. What is n(10)?
60
Let v be (-15)/(-10)*2 + -16. Let m(x) = 15*x - 3. Let t(o) = 7*o - 1. Let g(q) = v*t(q) + 6*m(q). What is g(5)?
-10
Let y(f) be the third derivative of f**6/120 - f**5/60 + f**4/24 - 2*f**3/3 + f**2. Suppose v + 20*q - 25*q = -2, -3*v + 4*q = -5. Calculate y(v).
17
Let h(o) = o**3 - 6*o**2 + 28*o. Let x(z) = -2*z**3 + 11*z**2 - 53*z - 1. Let j(f) = 13*h(f) + 7*x(f). Calculate j(-3).
32
Let m(c) = 11*c**3 - 2 + 0*c - 53*c**2 - 44*c**2 + 98*c**2 + c. Determine m(1).
11
Let v(s) = -s**3 - 21*s**2 + 20*s - 44. Let d be v(-22). Suppose -16*w + 18*w - 38 = d. Let g(q) = 2*q - 33. What is g(w)?
5
Let a(c) = -83*c - 754. Let s = 15281 - 15290. Determine a(s).
-7
Let p = 11862 - 11864. Let c(m) = 31*m + 1. Determine c(p).
-61
Let w be 0/1*(-4 + 3). Suppose 4 = c - r, 4*r = -w*c + c - 4. Let p(h) = 11*h + 10. Let g(j) = 2*j + 1. Let n(t) = -6*g(t) + p(t). What is n(c)?
0
Let m(d) = d**3 + d**2 - 2*d + 2. Let q(h) be the first derivative of 2*h**3/3 + 11*h**2 + 2*h - 10. Let l be q(-11). What is m(l)?
10
Let c(z) be the first derivative of -4*z**3/3 + 2*z**2 + 7*z + 86. Let t(u) = 3*u**2 - 4*u - 7. Let i(j) = -2*c(j) - 3*t(j). Give i(6).
-5
Suppose -5*k - 7*s = -10*s - 20, 5*k = -4*s + 20. Let y = 4 + -2. Let r(d) = 126*d - 126*d + k*d**y + 1. Calculate r(-2).
17
Suppose 5*w - 4*m + 48 = 0, -5*w + m = 2 + 40. Let g(a) be the second derivative of a**4/12 + 5*a**3/3 + 1629*a. Give g(w).
-16
Let i = 11 + -8. Let r(o) = 0 - 4 - 5*o - 3*o + 6*o + i*o. Let g(h) = h**3 + 6*h**2 + 3. Let u be g(-6). Calculate r(u).
-1
Let j(r) be the second derivative of r**3/6 - 6*r**2 - 420*r - 2. Give j(0).
-12
Let x = 24735 + -24726. Let o(l) = -11*l + 5. What is o(x)?
-94
Let y(s) = -5*s - 31. Let n(f) = -242*f + 1207. Let l be n(5). What is y(l)?
-16
Let s(j) = j**2 - j - 1. Let o(y) = 3*y**2 + 3*y - 6*y**2 + y + 6*y + 5. Let i(u) = o(u) + 2*s(u). Give i(9).
-6
Let t = 29416 - 29433. Let o(n) = -n**3 - 17*n**2 + 5*n + 89. Determine o(t).
4
Let h(v) = -v + 7. Let l(c) = -c - 1. Let j(y) = -h(y) - 6*l(y). Let s(z) = -3*z**2 - 6*z - 2. Suppose 8*o - 4*o = -8. Let m be s(o). Determine j(m).
-15
Let c(h) = 980 + 7*h**2 + 3*h**3 - 980. Let m(i) = 13*i**3 + 29*i**2 - i + 2. Let b(n) = -9*c(n) + 2*m(n). Determine b(-4).
-4
Let j(u) = -7 + 41888*u - 2*u**2 - 41915*u - 85. Calculate j(-7).
-1
Let v(l) = -l**3 - l - 1. Let c be 3 + (-2 - 2)/1. Let g(x) = -4*x**3 + x**2 - 2*x - 17. Let h(i) = c*g(i) + 3*v(i). Let k = -5 + 5. Calculate h(k).
14
Let f(n) = -4*n - 23. Let j(h) = -7*h - 18. Let v(p) = -2*f(p) + 3*j(p). Calculate v(4).
-60
Let g = -4052 + 4052. Let f(k) = -k**3 - k**2 + 2*k - 25. Determine f(g).
-25
Let z(n) be the third derivative of 30*n**2 + 13/6*n**3 + 0 + 4*n + 1/4*n**4. Give z(-4).
-11
Let u = 12 - -3. Let j(z) = -8*z**2 + 8*z**2 - z**2 - 9 + 29*z - 7*z - u*z. What is j(6)?
-3
Let n(p) = 31*p + 21. Suppose -37*k = -68*k - 50*k. Calculate n(k).
21
Let t be (55/66)/(1/6). Let q(n) = -6*n + 2. Calculate q(t).
-28
Let b(q) = 6*q**3 - 24*q**2 + 19*q - 96. Let m(a) = -7*a**3 + 25*a**2 - 20*a + 124. Let w(c) = 5*b(c) + 4*m(c). What is w(9)?
-11
Let y(o) = 17*o + 52. Let t(r) = -5*r**2 - 51*r + 40. Let k be t(-11). Calculate y(k).
-16
Let w(l) be the first derivative of -l**4/4 - 7*l**3/3 + 9*l**2/2 + 2*l - 214. What is w(-6)?
-88
Let f(y) = 7*y**2 + 94*y + 21. Let v(a) = a**2 + 15*a + 3. Let o(h) = 4*f(h) - 26*v(h). What is o(7)?
6
Let j(y) = 5*y + 6. Let c(k) = 1. Suppose -2*a + 6*a = -4*d - 8, 5*a - 2*d = -31. Let m(q) = a*c(q) + j(q). Determine m(-3).
-14
Let t(f) = -f**2 - 6*f + 10. Let u be t(5). Let m be ((-3)/(-5))/((-9)/u). Let n(r) = r**3 - 2*r**2 + 4 - 2*r - r + 0*r**m - 1. Calculate n(2).
-3
Let l(u) = -u**2 - 10*u - 9. Let p(v) = -6*v + 71. Let n be p(19). Let x(i) = -i**2 - 6*i + 22. Let q be x(-12). Let z = q - n. Determine l(z).
12
Suppose -25*r - 742 = 81*r. Let y(a) = 4*a + 15. Determine y(r).
-13
Let v(k) = -15*k + 1. Let h = 98 - 59. Suppose -h = 16*r - 7. What is v(r)?
31
Let d(y) = -y**3 + y**2 - 9*y - 5. Let p be d(0). Let m(w) be the third derivative of w**5/60 + w**4/6 - 2*w**3/3 - 3*w**2. Determine m(p).
1
Let l(y) = 8*y**2 + 11*y - 3. Let j(n) = 3*n**2 + 4*n - 3. Let z(q) = -5*j(q) + 2*l(q). Determine z(6).
57
Let l(i) = -i**2 + 11*i - 25. Suppose 0 = 7*b + 203 - 273. What is l(b)?
-15
Let a be 2 + 42/(-24) + 375/(-12). Let f be ((-24)/(-60))/(3 + a/10). Let y(q) = -q - 9. Give y(f).
-5
Let o = 26292 + -26298. Let b(c) = -c**2 + 15. Calculate b(o).
-21
Let u(z) = 10*z - 12 + z**3 + z**2 - 5*z**2 + 4*z**2 - 5*z**2 - 5*z**2. Let a(g) = 3*g**2 - 24*g + 9. Let q be a(8). Determine u(q).
-3
Let q(j) be the third derivative of -j**5/10 - j**2. Let l(s) = -6*s - 36. Let f be l(-6). Let b be (17/(-34) - (f - 0))*-2. Give q(b).
-6
Suppose 2*z - 5*g = 28, 7*z - 2*z + 3*g - 70 = 0. Suppose -17*n = -15*n - z. Let o(b) be the first derivative of -b**3/3 + 7*b**2/2 - b + 4. Calculate o(n).
-1
Let r(m) = -9*m + 59. Let o be 3*(65/15 + -2). Let p be r(o). Let y(c) = c + 9. Give y(p).
5
Let s(b) = 3*b - 5. Let a(q) = -20*q + 119. Let c be a(6). Let f be (23/(-46))/((c - 0)/12). Calculate s(f).
13
Let z(r) be the second derivative of -r**5/20 - 7*r**4/4 + r**3/6 + 23*r**2/2 + 125*r + 8. What is z(-21)?
2
Let d(p) = 2*p**2 - p. Suppose 468 = -x + 1126. Suppose -2*r - 654 = -x. Determine d(r).
6
Let w(i) = 28*i - 24*i**2 + 70 + 8 + 0 - i**3. What is w(-25)?
3
Let p(n) = n + 3. Let s = 144 + -272. Let m = 119 + s. Give p(m).
-6
Let j(i) be the second derivative of 0*i**2 - 1/60*i**5 - 1/6*i**4 - 1/2*i**3 + 0 + 15*i. Let a(c) be the second derivative of j(c). Give a(4).
-12
Let d(l) = -16*l**3 - 64*l**2 + 3*l - 10. Let y(g) = -9*g**3 - 36*g**2 + 2*g - 4. Let t(f) = -4*d(f) + 7*y(f). What is t(-5)?
-23
Let m(b) = 4*b - 18. Let u be (-1952)/(-24)*45/12. Let j = 317 - u. Determine m(j).
30
Let a = 516 - 514. Suppose -q - 7 = -3*d, a*q + 3*d - 22 = -0. Let y(t) = t**3 - 5*t**2 - t + 4. What is y(q)?
-1
Let m(k) = -3*k**2 + 19. Let f be (-4)/(-14) - (16650/(-105))/(-30). Calculate m(f).
-56
Let u(i) = i**2 + 5*i - 9. Suppose 4*l - 8*l - 2*q = -14, 2*l = -5*q - 5. Give u(l).
41
Let v(p) = -104 - 5*p**2 - 5*p - 89 + 209. Let h(o) = 6*o**2 + 5*o - 18. Let j(u) = 4*h(u) + 5*v(u). Suppose 3*s + 28 = -s. What is j(s)?
-6
Let j(n) be the first derivative of 17*n**4/4 + 2*n**3/3 - 3*n**2/2 + 2*n + 2617. Determine j(1).
18
Let x(f) = -3*f**2 + f + 13. Let m(b) = -10*b**2 + 2*b + 40. Let j(i) = 2*m(i) - 7*x(i). Give j(8).
29
Let i(a) = a**3 - a**2 - 3*a - 2. Let y be (-7 - -8)/(1/(-29)). Let f = -30 - y. Determine i(f).
-1
Let j = 7 - 11. Let d(l) = -5*l**3 + 7*l**2 - 3*l. Let x(f) = 2*f**3 - f**2 + f. Let t = -76 + 75. Let s(n) = t*d(n) - 3*x(n). Determine s(j).
0
Let h(m) = -m**2 - 2*m. Let z = 32 - 41. Let r be 84/z*(-1 + 13). Let x be (2 - 1)/(3 + r/35). Give h(x).
-15
Suppose -27*p = -21*p - 420. Let j be (-520)/p - 4/7. Let z(r) = -r - 3. Give z(j).
5
Let m = -535 + 537. Let f(i) = -i - 3*i - 3*i - m - 2*i + 5*i. Calculate f(6).
-26
Let z(c) = -c**2 - 9*c - 8. Let l(k) = k**2 - 21*k - 98. Let a be l(-4). Let q be 10 - 13 - (6 + (-1 - a)). Calculate z(q).
10
Let y(z) be the first derivative of 3*z**2 + z - 6. Let k be 13*(10/130)/((-5)/(-10)). Calculate y(k).
13
Let n(c) = 5*c**3 - 2*c**2 + 3*c. Let s be 6 - (-17 + 18 + 3). What is n(s)?
38
Let p(a) = -a - 5. Let t(f) = f**3 - 8*f**2 + 8*f - 12. Let z be t(7). Let l(x) = 3*x + 21. Let y be l(z). Suppose 0 = y*b - 9*b - 15. What is p(b)?
0
Suppose -10*t + c = -14*t + 12, -20 = -4*t + c. Let m(q) = 3*q - 2. Let x(j) 